{"id":5386,"date":"2025-01-06T15:12:28","date_gmt":"2025-01-06T14:12:28","guid":{"rendered":"https:\/\/jeliebt.de\/fragen-antworten\/cual-es-el-sentido-de-la-vida\/"},"modified":"2026-04-29T00:45:57","modified_gmt":"2026-04-28T22:45:57","slug":"cual-es-el-sentido-de-la-vida","status":"publish","type":"fragen-antworten","link":"https:\/\/jeliebt.de\/es\/fragen-antworten\/cual-es-el-sentido-de-la-vida\/","title":{"rendered":"\u00bfCu\u00e1l es el sentido de la vida?"},"content":{"rendered":"\n<p>Quer\u00adido Hans,<\/p>\n\n<p>Gra\u00adci\u00adas por tu preg\u00adun\u00adta fun\u00adda\u00admen\u00adtal, que pro\u00adba\u00adblem\u00aden\u00adte todas las per\u00adso\u00adnas se hacen en alg\u00fan momen\u00adto. Y la raz\u00f3n de ello, en mi opi\u00adni\u00f3n, es que esta preg\u00adun\u00adta est\u00e1 pro\u00adfun\u00adda\u00admen\u00adte arrai\u00adga\u00adda en noso\u00adtros. Nos preg\u00adun\u00adta\u00admos por el sent\u00adi\u00addo de la vida por\u00adque alber\u00adga\u00admos nece\u00adsi\u00add\u00ada\u00addes insa\u00adtis\u00adfechas. Inten\u00adta\u00admos satis\u00adfacer estas nece\u00adsi\u00add\u00ada\u00addes con diver\u00adsas cosas de la vida, con la espe\u00adran\u00adza de que por fin seremos com\u00adple\u00adta\u00admen\u00adte feli\u00adces cuan\u00addo haya\u00admos alcanz\u00adado tal o cual obje\u00adtivo o poda\u00admos per\u00admi\u00adtir\u00adnos por fin la com\u00adpra para la que hemos estado ahor\u00adran\u00addo. Pero una vez cum\u00adpli\u00addo el deseo, la expe\u00adri\u00aden\u00adcia demues\u00adtra que queda un anhe\u00adlo insa\u00adtis\u00adf\u00adecho y la b\u00fas\u00adqueda de la satis\u00adfac\u00adci\u00f3n con\u00adtin\u00faa.    <\/p>\n\n<p>E ima\u00adg\u00ed\u00adna\u00adte: Aho\u00adra lle\u00adga algu\u00adi\u00aden que afir\u00adma: \u201cQuie\u00adro saci\u00adar tu hambre de vida\u201d. \u00bfQuer\u00adr\u00ed\u00adas saber m\u00e1s sob\u00adre \u00e9l? \u00bfLo pro\u00adba\u00adr\u00ed\u00adas? Pue\u00addes, por\u00adque el que afir\u00adma esto es Jes\u00fas y se pre\u00adsen\u00adta en la Biblia. Quie\u00adre cono\u00adcer\u00adte per\u00adso\u00adnal\u00admen\u00adte, dar\u00adte ple\u00adni\u00adtud en la vida y mucho m\u00e1s: quie\u00adre restaurar tu rela\u00adci\u00f3n rota con Dios, con\u00adce\u00adder\u00adte el per\u00add\u00f3n y dar\u00adte la vida eter\u00adna con Dios. Pue\u00adde hacer\u00adlo por\u00adque, cuan\u00addo vino a la Tier\u00adra, muri\u00f3 en la cruz por nues\u00adtros peca\u00addos y demo\u00adstr\u00f3 con su resur\u00adrecci\u00f3n que hab\u00eda ven\u00adci\u00addo a la muer\u00adte. Pue\u00addes obte\u00adner m\u00e1s infor\u00admaci\u00f3n <a href=\"https:\/\/gott-suchen.com\/ein-leben-mit-gott-beginnen\/\" target=\"_blank\" rel=\"noreferrer noopener\">aqu\u00ed<\/a>.      <\/p>\n\n<p>Detr\u00e1s de la cues\u00adti\u00f3n del sent\u00adi\u00addo de la vida se escon\u00adde a menu\u00addo una cues\u00adti\u00f3n de sent\u00adi\u00addo mucho m\u00e1s fun\u00adda\u00admen\u00adtal, a saber, la cues\u00adti\u00f3n de si hay algo m\u00e1s en la vida que vivir unos a\u00f1os en la tier\u00adra y lue\u00adgo tener que dejar\u00adlo todo de nue\u00advo. Pero si real\u00admen\u00adte hay algo m\u00e1s, \u00bfpode\u00admos encon\u00adtrar ese sent\u00adi\u00addo a la vida? \u201cDios ha pues\u00adto la etern\u00adidad en nues\u00adtros cora\u00adzo\u00adnes\u201d es la expli\u00adca\u00adci\u00f3n que da la Biblia al respec\u00adto (La Biblia, Ecle\u00adsi\u00adas\u00adt\u00e9s 3 ver\u00ads\u00ed\u00adcu\u00adlo 11). Dicho de otro modo: Estamos hechos para algo m\u00e1s que para vivir unos a\u00f1os en la tier\u00adra. En rea\u00adli\u00addad, estamos hechos para la etern\u00adidad. Y este sen\u00adti\u00admi\u00aden\u00adto, a menu\u00addo incon\u00adsci\u00aden\u00adte, nos lle\u00adva a esta cues\u00adti\u00f3n fun\u00adda\u00admen\u00adtal sob\u00adre el sent\u00adi\u00addo de la vida. Pero si la Biblia tiene algo que decir sob\u00adre esta cues\u00adti\u00f3n esen\u00adcial, enton\u00adces tam\u00adbi\u00e9n pro\u00adpor\u00adcio\u00adna respues\u00adtas sob\u00adre c\u00f3mo pode\u00admos vol\u00adver a conec\u00adtar con Dios, que se pre\u00adsen\u00adta en la Biblia como la \u201cfuen\u00adte de la vida\u201d. Y tam\u00adbi\u00e9n pro\u00adpor\u00adcio\u00adna respues\u00adtas sob\u00adre c\u00f3mo pode\u00admos pre\u00adparar\u00adnos para la etern\u00adidad. As\u00ed que sim\u00adple\u00admen\u00adte te invi\u00adto a que bus\u00adques en la Biblia por ti mis\u00admo.        <\/p>\n\n<p>Si quie\u00adres leer la Biblia, pue\u00addes pedir un Nue\u00advo Tes\u00adta\u00admen\u00adto gra\u00adtui\u00adto (la segun\u00adda par\u00adte de la Biblia) <a href=\"https:\/\/shop.heukelbach.org\/shop\/jugend\/o-ton-neues-testament\/o-ton-gott-spricht-heute\/\" target=\"_blank\" rel=\"noreferrer noopener\">aqu\u00ed<\/a> o pue\u00addes leer la Biblia <a href=\"https:\/\/www.bibleserver.com\/start\" target=\"_blank\" rel=\"noreferrer noopener\">en l\u00ednea<\/a> o medi\u00adan\u00adte una <a href=\"https:\/\/www.bible.com\/de\/app\" target=\"_blank\" rel=\"noreferrer noopener\">apli\u00adca\u00adci\u00f3n gra\u00adtui\u00adta .<\/a> Tam\u00adbi\u00e9n estare\u00admos encan\u00adta\u00addos de respon\u00adder a cual\u00adquier otra preg\u00adun\u00adta que pued\u00adas tener.<\/p>\n","protected":false},"featured_media":0,"template":"","class_list":["post-5386","fragen-antworten","type-fragen-antworten","status-publish","hentry"],"acf":[],"_links":{"self":[{"href":"https:\/\/jeliebt.de\/es\/wp-json\/wp\/v2\/fragen-antworten\/5386","targetHints":{"allow":["GET"]}}],"collection":[{"href":"https:\/\/jeliebt.de\/es\/wp-json\/wp\/v2\/fragen-antworten"}],"about":[{"href":"https:\/\/jeliebt.de\/es\/wp-json\/wp\/v2\/types\/fragen-antworten"}],"wp:attachment":[{"href":"https:\/\/jeliebt.de\/es\/wp-json\/wp\/v2\/media?parent=5386"}],"curies":[{"name":"wp","href":"https:\/\/api.w.org\/{rel}","templated":true}]}}

¿Cuál es el sentido de la vida?

<p>Quer­ido Hans,</p>

<p>Gra­ci­as por tu preg­un­ta fun­da­men­tal, que pro­ba­blem­en­te todas las per­so­nas se hacen en algún momen­to. Y la razón de ello, en mi opi­nión, es que esta preg­un­ta está pro­fun­da­men­te arrai­ga­da en noso­tros. Nos preg­un­ta­mos por el sent­i­do de la vida por­que alber­ga­mos nece­si­d­a­des insa­tis­fechas. Inten­ta­mos satis­facer estas nece­si­d­a­des con diver­sas cosas de la vida, con la espe­ran­za de que por fin seremos com­ple­ta­men­te feli­ces cuan­do haya­mos alcanz­ado tal o cual obje­tivo o poda­mos per­mi­tir­nos por fin la com­pra para la que hemos estado ahor­ran­do. Pero una vez cum­pli­do el deseo, la expe­ri­en­cia demues­tra que queda un anhe­lo insa­tis­f­echo y la bús­queda de la satis­fac­ción con­tinúa.    </p>

<p>E ima­gí­na­te: Aho­ra lle­ga algu­i­en que afir­ma: “Quie­ro saci­ar tu hambre de vida”. ¿Quer­rí­as saber más sob­re él? ¿Lo pro­ba­rí­as? Pue­des, por­que el que afir­ma esto es Jesús y se pre­sen­ta en la Biblia. Quie­re cono­cer­te per­so­nal­men­te, dar­te ple­ni­tud en la vida y mucho más: quie­re restaurar tu rela­ción rota con Dios, con­ce­der­te el per­dón y dar­te la vida eter­na con Dios. Pue­de hacer­lo por­que, cuan­do vino a la Tier­ra, murió en la cruz por nues­tros peca­dos y demo­stró con su resur­rección que había ven­ci­do a la muer­te. Pue­des obte­ner más infor­mación <a href="https://gott-suchen.com/ein-leben-mit-gott-beginnen/" target="_blank" rel="noreferrer noopener">aquí</a>.      </p>

<p>Detrás de la cues­tión del sent­i­do de la vida se escon­de a menu­do una cues­tión de sent­i­do mucho más fun­da­men­tal, a saber, la cues­tión de si hay algo más en la vida que vivir unos años en la tier­ra y lue­go tener que dejar­lo todo de nue­vo. Pero si real­men­te hay algo más, ¿pode­mos encon­trar ese sent­i­do a la vida? “Dios ha pues­to la etern­idad en nues­tros cora­zo­nes” es la expli­ca­ción que da la Biblia al respec­to (La Biblia, Ecle­si­as­tés 3 ver­sí­cu­lo 11). Dicho de otro modo: Estamos hechos para algo más que para vivir unos años en la tier­ra. En rea­li­dad, estamos hechos para la etern­idad. Y este sen­ti­mi­en­to, a menu­do incon­sci­en­te, nos lle­va a esta cues­tión fun­da­men­tal sob­re el sent­i­do de la vida. Pero si la Biblia tiene algo que decir sob­re esta cues­tión esen­cial, enton­ces tam­bién pro­por­cio­na respues­tas sob­re cómo pode­mos vol­ver a conec­tar con Dios, que se pre­sen­ta en la Biblia como la “fuen­te de la vida”. Y tam­bién pro­por­cio­na respues­tas sob­re cómo pode­mos pre­parar­nos para la etern­idad. Así que sim­ple­men­te te invi­to a que bus­ques en la Biblia por ti mis­mo.        </p>

<p>Si quie­res leer la Biblia, pue­des pedir un Nue­vo Tes­ta­men­to gra­tui­to (la segun­da par­te de la Biblia) <a href="https://shop.heukelbach.org/shop/jugend/o-ton-neues-testament/o-ton-gott-spricht-heute/" target="_blank" rel="noreferrer noopener">aquí</a> o pue­des leer la Biblia <a href="https://www.bibleserver.com/start" target="_blank" rel="noreferrer noopener">en línea</a> o medi­an­te una <a href="https://www.bible.com/de/app" target="_blank" rel="noreferrer noopener">apli­ca­ción gra­tui­ta .</a> Tam­bién estare­mos encan­ta­dos de respon­der a cual­quier otra preg­un­ta que pued­as tener.</p>
