{"id":4680,"date":"2025-01-06T14:58:57","date_gmt":"2025-01-06T13:58:57","guid":{"rendered":"https:\/\/jeliebt.de\/fragen-antworten\/co-znamena-jeliebt\/"},"modified":"2026-02-27T14:40:45","modified_gmt":"2026-02-27T13:40:45","slug":"co-znamena-jeliebt","status":"publish","type":"fragen-antworten","link":"https:\/\/jeliebt.de\/cs\/fragen-antworten\/co-znamena-jeliebt\/","title":{"rendered":"Co znamen\u00e1 Jeliebt?"},"content":{"rendered":"\n<p>JELIEBT m\u00e1 t\u0159i v\u00fdz\u00adna\u00admy, kte\u00adr\u00e9 k sob\u011b pat\u0159\u00ed:<\/p>\n\n<ol class=\"wp-block-list\">\n<li>Jeliebt je kom\u00adbi\u00adnace slov \u201cJe\u017e\u00ed\u0161 + miluje\u201d. Kdy\u017e mlu\u00adv\u00ed\u00adme o l\u00e1s\u00adce, nem\u016f\u017ee\u00adme min\u00adout Je\u017e\u00ed\u00ad\u0161e, kter\u00fd o sob\u011b tvr\u00add\u00ed, \u017ee je zt\u011b\u00adles\u00adn\u011bn\u00edm l\u00e1s\u00adky. Pokud se chce\u00adte doz\u00adv\u011b\u00add\u011bt v\u00edce o tom, co se ve va\u0161em \u017eivo\u00adt\u011b zm\u011bn\u00ed, kdy\u017e do va\u0161e\u00adho \u017eivo\u00adta vstoup\u00ed Je\u017e\u00ed\u0161, kli\u00adkn\u011b\u00adte zde.  <br><br><\/li>\n\n\n\n<li>\u201cJeliebt\u201d zna\u00admen\u00e1 v ber\u00adl\u00edns\u00adk\u00e9m, kol\u00edns\u00adk\u00e9m a dol\u00adnon\u011b\u00adme\u00adck\u00e9m n\u00e1\u0159e\u010d\u00ed \u201cmil\u00ado\u00advan\u00fd\u201d. V\u0161ich\u00adni chce\u00adme b\u00fdt mil\u00ado\u00adv\u00e1\u00adni druh\u00fd\u00admi. Pocit, \u017ee jsme mil\u00ado\u00adv\u00e1\u00adni, je pro n\u00e1s lidi vel\u00admi d\u016fle\u017ei\u00adtou pot\u0159e\u00adbou. Ne nadar\u00admo je l\u00e1s\u00adka t\u00e9ma\u00adtem \u010d\u00eds\u00adlo 1 \ud83d\ude42   <br><br><\/li>\n\n\n\n<li>\u201cJe\u201d zna\u00admen\u00e1 ve fran\u00adcou\u00adz\u0161\u00adtin\u011b \u201cj\u00e1\u201d, a pro\u00adto tak\u00e9 \u201cmiluji\u201d. M\u016f\u017ee\u00adme tak\u00e9 mil\u00ado\u00advat: Mil\u00ado\u00advat m\u016f\u017ee\u00adme: druh\u00e9 a tak\u00e9 sami sebe. To je d\u016fle\u017ei\u00adt\u00fd z\u00e1klad pro dob\u00adr\u00e9 vzta\u00adhy. A kdy\u017e poz\u00adn\u00e1\u00adme Boha, zdroj l\u00e1s\u00adky, m\u016f\u017ee\u00adme za\u017e\u00edt, jak\u00e9 to je b\u00fdt bez\u00adpod\u00adm\u00ed\u00adne\u010dn\u011b mil\u00ado\u00adv\u00e1n.   <\/li>\n<\/ol>\n\n<p><\/p>\n","protected":false},"featured_media":3647,"template":"","class_list":["post-4680","fragen-antworten","type-fragen-antworten","status-publish","has-post-thumbnail","hentry"],"acf":[],"_links":{"self":[{"href":"https:\/\/jeliebt.de\/cs\/wp-json\/wp\/v2\/fragen-antworten\/4680","targetHints":{"allow":["GET"]}}],"collection":[{"href":"https:\/\/jeliebt.de\/cs\/wp-json\/wp\/v2\/fragen-antworten"}],"about":[{"href":"https:\/\/jeliebt.de\/cs\/wp-json\/wp\/v2\/types\/fragen-antworten"}],"wp:featuredmedia":[{"embeddable":true,"href":"https:\/\/jeliebt.de\/cs\/wp-json\/wp\/v2\/media\/3647"}],"wp:attachment":[{"href":"https:\/\/jeliebt.de\/cs\/wp-json\/wp\/v2\/media?parent=4680"}],"curies":[{"name":"wp","href":"https:\/\/api.w.org\/{rel}","templated":true}]}}

Co znamená Jeliebt?

<p>JELIEBT má tři výz­na­my, kte­ré k sobě patří:</p>

<ol class="wp-block-list">
<li>Jeliebt je kom­bi­nace slov “Ježíš + miluje”. Když mlu­ví­me o lás­ce, nemůže­me min­out Ježí­še, který o sobě tvr­dí, že je ztě­les­něním lás­ky. Pokud se chce­te doz­vě­dět více o tom, co se ve vašem živo­tě změní, když do vaše­ho živo­ta vstoupí Ježíš, kli­kně­te zde.  <br><br></li>



<li>“Jeliebt” zna­mená v ber­líns­kém, kolíns­kém a dol­noně­me­ckém nářečí “mil­o­vaný”. Všich­ni chce­me být mil­o­vá­ni druhý­mi. Pocit, že jsme mil­o­vá­ni, je pro nás lidi vel­mi důleži­tou potře­bou. Ne nadar­mo je lás­ka téma­tem čís­lo 1 🙂   <br><br></li>



<li>“Je” zna­mená ve fran­cou­zš­tině “já”, a pro­to také “miluji”. Může­me také mil­o­vat: Mil­o­vat může­me: druhé a také sami sebe. To je důleži­tý základ pro dob­ré vzta­hy. A když poz­ná­me Boha, zdroj lás­ky, může­me zažít, jaké to je být bez­pod­mí­nečně mil­o­ván.   </li>
</ol>

<p></p>
