{"id":4676,"date":"2025-01-06T15:11:53","date_gmt":"2025-01-06T14:11:53","guid":{"rendered":"https:\/\/jeliebt.de\/fragen-antworten\/existuje-buh\/"},"modified":"2026-02-27T14:40:45","modified_gmt":"2026-02-27T13:40:45","slug":"existuje-buh","status":"publish","type":"fragen-antworten","link":"https:\/\/jeliebt.de\/cs\/fragen-antworten\/existuje-buh\/","title":{"rendered":"Existuje B\u016fh?"},"content":{"rendered":"\n<p>Mil\u00e1 Emi\u00adly, tato ot\u00e1z\u00adka je star\u00e1 jako d\u011bji\u00adny lidstva. A z\u00e1ro\u00adve\u0148 pova\u017eu\u00adji za p\u0159\u00edz\u00adna\u010d\u00adn\u00e9, \u017ee si tuto ot\u00e1z\u00adku o Bohu a smys\u00adlu \u017eivo\u00adta kla\u00adde ka\u017e\u00add\u00e1 generace. J\u00e1 osob\u00adn\u011b jsem si tuto ot\u00e1z\u00adku kladl tak\u00e9. V Bib\u00adli se p\u00ed\u0161e: <a href=\"https:\/\/www.bibleserver.com\/LUT\/Jeremia29%2C13\" target=\"_blank\" rel=\"noreferrer noopener\">\u201cBude\u0161-li m\u011b pro\u00adsit cel\u00fdm sv\u00fdm srdcem, d\u00e1m ti m\u011b naj\u00edt.\u201d<\/a> Pro\u00ads\u00adt\u011b jsem si to vyz\u00adkou\u0161e\u00adla na vlast\u00adn\u00ed k\u016f\u017ei a dos\u00adta\u00adlo se mi odpo\u00adv\u011b\u00addi. Od chv\u00ed\u00adle, kdy jsem v\u011bdom\u011b poz\u00adval Je\u017e\u00ed\u00ad\u0161e, aby vstou\u00adpil do m\u00e9ho \u017eivo\u00adta a pro\u00adv\u00e1\u00adzel m\u011b \u017eivo\u00adtem, jsem zakou\u0161el jeho bl\u00edz\u00adkost a nad\u00adp\u0159i\u00adro\u00adzen\u00fd pokoj v m\u00e9m \u017eivo\u00adt\u011b. A mno\u00adho dal\u0161\u00edch lid\u00ed, kte\u00adr\u00e9 zn\u00e1m, m\u011blo pod\u00adob\u00adnou zku\u0161en\u00adost. Na str\u00e1n\u00adk\u00e1ch <a href=\"https:\/\/Gott-suchen.com\">www.Gott-suchen.com<\/a> naj\u00adde\u00adte mno\u00adho zpr\u00e1v od lid\u00ed, kte\u0159\u00ed za\u017ei\u00adli Boha ve sv\u00e9m ka\u017e\u00addo\u00adden\u00adn\u00edm \u017eivo\u00adt\u011b. Abys\u00adte Boha l\u00e9pe poz\u00adna\u00adli, dopo\u00adru\u010du\u00adji v\u00e1m tak\u00e9 \u010d\u00edst Bib\u00adli. Bible je toti\u017e \u017eiv\u00e1 kni\u00adha. Kdy\u017e ji bude\u00adte \u010d\u00edst, po\u017e\u00e1\u00addej\u00adte Boha, aby k v\u00e1m proml\u00adou\u00adval, a uv\u011b\u00addom\u00ed\u00adte si, jak n\u011bk\u00adte\u00adr\u00e9 v\u011bty proml\u00adou\u00adva\u00adj\u00ed p\u0159\u00ed\u00admo do va\u0161e\u00adho \u017eivo\u00adta. Dopo\u00adru\u010du\u00adji v\u00e1m za\u010d\u00edt <a href=\"https:\/\/www.bibleserver.com\/Ne%C3%9C\/Johannes1\" target=\"_blank\" rel=\"noreferrer noopener\">Jano\u00adv\u00fdm evan\u00adge\u00adli\u00adem<\/a>. R\u00e1di v\u00e1m tak\u00e9 zdar\u00adma za\u0161\u00adle\u00adme Nov\u00fd z\u00e1kon. A pokud bude\u00adte m\u00edt n\u011bjak\u00e9 dal\u0161\u00ed ot\u00e1z\u00adky: M\u00e1me pro v\u00e1s v\u017edy ote\u00adv\u0159e\u00adn\u00e9 ucho : )            <\/p>\n\n<p>V\u0161e nej\u00adlep\u0161\u00ed, Jona\u00adthan<\/p>\n\n<p><\/p>\n","protected":false},"featured_media":0,"template":"","class_list":["post-4676","fragen-antworten","type-fragen-antworten","status-publish","hentry"],"acf":[],"_links":{"self":[{"href":"https:\/\/jeliebt.de\/cs\/wp-json\/wp\/v2\/fragen-antworten\/4676","targetHints":{"allow":["GET"]}}],"collection":[{"href":"https:\/\/jeliebt.de\/cs\/wp-json\/wp\/v2\/fragen-antworten"}],"about":[{"href":"https:\/\/jeliebt.de\/cs\/wp-json\/wp\/v2\/types\/fragen-antworten"}],"wp:attachment":[{"href":"https:\/\/jeliebt.de\/cs\/wp-json\/wp\/v2\/media?parent=4676"}],"curies":[{"name":"wp","href":"https:\/\/api.w.org\/{rel}","templated":true}]}}

Existuje Bůh?

<p>Milá Emi­ly, tato otáz­ka je stará jako ději­ny lidstva. A záro­veň považu­ji za příz­nač­né, že si tuto otáz­ku o Bohu a smys­lu živo­ta kla­de kaž­dá generace. Já osob­ně jsem si tuto otáz­ku kladl také. V Bib­li se píše: <a href="https://www.bibleserver.com/LUT/Jeremia29%2C13" target="_blank" rel="noreferrer noopener">“Budeš-li mě pro­sit celým svým srdcem, dám ti mě najít.”</a> Pro­s­tě jsem si to vyz­kouše­la na vlast­ní kůži a dos­ta­lo se mi odpo­vě­di. Od chví­le, kdy jsem vědomě poz­val Ježí­še, aby vstou­pil do mého živo­ta a pro­vá­zel mě živo­tem, jsem zakoušel jeho blíz­kost a nad­při­ro­zený pokoj v mém živo­tě. A mno­ho dalších lidí, kte­ré znám, mělo pod­ob­nou zkušen­ost. Na strán­kách <a href="https://Gott-suchen.com">www.Gott-suchen.com</a> naj­de­te mno­ho zpráv od lidí, kteří zaži­li Boha ve svém kaž­do­den­ním živo­tě. Abys­te Boha lépe poz­na­li, dopo­ruču­ji vám také číst Bib­li. Bible je totiž živá kni­ha. Když ji bude­te číst, požá­dej­te Boha, aby k vám proml­ou­val, a uvě­domí­te si, jak něk­te­ré věty proml­ou­va­jí pří­mo do vaše­ho živo­ta. Dopo­ruču­ji vám začít <a href="https://www.bibleserver.com/Ne%C3%9C/Johannes1" target="_blank" rel="noreferrer noopener">Jano­vým evan­ge­li­em</a>. Rádi vám také zdar­ma zaš­le­me Nový zákon. A pokud bude­te mít nějaké další otáz­ky: Máme pro vás vždy ote­vře­né ucho : )            </p>

<p>Vše nej­lepší, Jona­than</p>

<p></p>
